{"id":11,"date":"2016-01-09T10:55:44","date_gmt":"2016-01-09T08:55:44","guid":{"rendered":"http:\/\/penceremdenjaponya2016.jikad.org.tr\/yarismaci6\/?page_id=11"},"modified":"2016-01-31T23:03:33","modified_gmt":"2016-01-31T21:03:33","slug":"penceremden-3","status":"publish","type":"page","link":"http:\/\/penceremdenjaponya2016.jikad.org.tr\/yarismaci6\/penceremden-3\/","title":{"rendered":"T\u00fcrkiye Ve Famiclonlar"},"content":{"rendered":"<p><img loading=\"lazy\" decoding=\"async\" class=\" wp-image-47 alignleft\" src=\"http:\/\/penceremdenjaponya2016.jikad.org.tr\/yarismaci6\/wp-content\/uploads\/sites\/7\/2016\/01\/9999999-in-1-3-full.png\" alt=\"9999999-in-1-3-full\" width=\"337\" height=\"295\" srcset=\"http:\/\/penceremdenjaponya2016.jikad.org.tr\/yarismaci6\/wp-content\/uploads\/sites\/7\/2016\/01\/9999999-in-1-3-full.png 256w, http:\/\/penceremdenjaponya2016.jikad.org.tr\/yarismaci6\/wp-content\/uploads\/sites\/7\/2016\/01\/9999999-in-1-3-full-171x150.png 171w, http:\/\/penceremdenjaponya2016.jikad.org.tr\/yarismaci6\/wp-content\/uploads\/sites\/7\/2016\/01\/9999999-in-1-3-full-150x131.png 150w\" sizes=\"auto, (max-width: 337px) 100vw, 337px\" \/>Nintendo ABD ve Japonya da yayg\u0131nla\u015fm\u0131\u015f ve bir numara haline gelmi\u015fti. Ama ya di\u011fer \u00fclkeler? \u0130\u015fte burada size bundan bahsedece\u011fim. Nintendo seksenli y\u0131llar\u0131n sonunda bizim i\u00e7in iyi kendisi i\u00e7i k\u00f6t\u00fc bir ad\u0131m att\u0131. Konsol \u00fcretimine yeti\u015femeyen Nintendo baz\u0131 \u015firketlere bu oyun konsolundan \u00fcretmeleri i\u00e7in izin verdi ve Teknolojisini de bunlarla payla\u015ft\u0131. Japon firmalar\u0131nda bir sorun \u00e7\u0131kmad\u0131 ama Avrupa ve ABD de ki firmalar i\u015f ahlak\u0131na Japonlar kadar sa\u011fd\u0131k de\u011fildi ve oyun devi Nintendo\u2019nun 8bit oyun konsolu art\u0131k a\u00e7\u0131k kaynakt\u0131. \u00c7inliler Ruslar Brezilyal\u0131lar art\u0131k herkes bu konsolun bir \u00e7akmas\u0131n\u0131 \u00fcretiyordu. Biz bu konsollara k\u0131saca famiclon diyoruz. Bunlar\u0131 neden anlat\u0131yorum derseniz cevab\u0131 basit. Konumuz T\u00fcrkiye ve famiclonlar. \u00dclkemizde hi\u00e7 piyasaya \u00e7\u0131kmayan bu konsol dolayl\u0131 yollarda t\u00fcm \u00fclkeye da\u011f\u0131lm\u0131\u015ft\u0131 doksanlarda neredeyse her \u00e7ocuklu ailede bir tane vard\u0131. Her k\u00e2\u011f\u0131t mendile selpak dedi\u011fimiz gibi her oyun konsoluna da atari dedik. Bu nedenle atari olarak bilinir bizde. Bu famiclonlar\u0131n iyi y\u00f6nlerini sayacak olursak; ucuz olmalar\u0131, orijinalinin sat\u0131lmad\u0131\u011f\u0131 yerlerde bunu edinme avantaj\u0131, kolay ve ucuz bulunan par\u00e7alar\u0131 ve orijinalinin onda birine sat\u0131lan oyunlar\u0131(her oyunun \u00fcretim maliyeti ayn\u0131 oldu\u011fu i\u00e7in \u00fclkemizde kaset de\u011fi\u015ftirme ad\u0131 verilen bir uygulama da kullan\u0131lm\u0131\u015ft\u0131r). K\u00f6t\u00fc y\u00f6nleri; kalitesiz ve sa\u011fl\u0131ks\u0131z olu\u015fu, televizyonlara ve kullan\u0131c\u0131lara zarar verme olas\u0131l\u0131\u011f\u0131 (famicolanlar\u0131n b\u00fcy\u00fck sorunlar\u0131ndan biri t\u00fcpl\u00fc televizyonlar\u0131n rengini bozmas\u0131d\u0131r sar\u0131 ye\u015fil aras\u0131 bir g\u00f6r\u00fcnt\u00fc verir ve \u00fclkemizde yang\u0131na neden olan veya patlayan cihazlarla ilgili haberler de yap\u0131lm\u0131\u015ft\u0131r)ve \u00e7ok oyunlu sahte kasetlerin piyasay\u0131 s\u00fcr\u00fcl\u00fc\u015f\u00fc(999999in 1 olarak bilinen ancak i\u00e7inde farkl\u0131 4 oyun bulunan oyun kasetleri d\u00f6nemin \u00e7ocuklar\u0131nda hep bir travma etkisi olarak kalm\u0131\u015ft\u0131r :D) Nintendo hatas\u0131ndan ders al\u0131p bir sonraki konsollar\u0131nda buna ba\u015fvurmam\u0131\u015f b\u00f6ylelikle bu devir de kapanm\u0131\u015ft\u0131r. ancak \u015fu an bile \u00e7imde biyerlerde bu famiclonlar \u00fcretilmeye devam ediyor.<\/p>\n<p><img loading=\"lazy\" decoding=\"async\" class=\"wp-image-49 aligncenter\" src=\"http:\/\/penceremdenjaponya2016.jikad.org.tr\/yarismaci6\/wp-content\/uploads\/sites\/7\/2016\/01\/36813-300x225.jpg\" alt=\"36813\" width=\"776\" height=\"582\" srcset=\"http:\/\/penceremdenjaponya2016.jikad.org.tr\/yarismaci6\/wp-content\/uploads\/sites\/7\/2016\/01\/36813-300x225.jpg 300w, http:\/\/penceremdenjaponya2016.jikad.org.tr\/yarismaci6\/wp-content\/uploads\/sites\/7\/2016\/01\/36813-200x150.jpg 200w, http:\/\/penceremdenjaponya2016.jikad.org.tr\/yarismaci6\/wp-content\/uploads\/sites\/7\/2016\/01\/36813-150x113.jpg 150w, http:\/\/penceremdenjaponya2016.jikad.org.tr\/yarismaci6\/wp-content\/uploads\/sites\/7\/2016\/01\/36813.jpg 640w\" sizes=\"auto, (max-width: 776px) 100vw, 776px\" \/><\/p>\n<p>benim \u00e7ocukken ilk sahip oldu\u011fum famiclon sega mega drive 2 ye benzeyen terminator 2 san\u0131r\u0131m bunlar\u0131n \u00fcretimi 92-93 y\u0131llar\u0131<\/p>\n","protected":false},"excerpt":{"rendered":"<p>Nintendo ABD ve Japonya da yayg\u0131nla\u015fm\u0131\u015f ve bir numara haline gelmi\u015fti. Ama ya di\u011fer \u00fclkeler? \u0130\u015fte burada size bundan bahsedece\u011fim. Nintendo seksenli y\u0131llar\u0131n sonunda bizim i\u00e7in iyi kendisi i\u00e7i k\u00f6t\u00fc bir ad\u0131m att\u0131. Konsol \u00fcretimine yeti\u015femeyen Nintendo baz\u0131 \u015firketlere bu oyun konsolundan \u00fcretmeleri i\u00e7in izin verdi ve Teknolojisini de bunlarla \u2026 <a class=\"continue-reading-link\" href=\"http:\/\/penceremdenjaponya2016.jikad.org.tr\/yarismaci6\/penceremden-3\/\"> Continue reading<\/a><\/p>\n","protected":false},"author":1,"featured_media":0,"parent":0,"menu_order":0,"comment_status":"closed","ping_status":"closed","template":"","meta":{"footnotes":""},"class_list":["post-11","page","type-page","status-publish","hentry"],"_links":{"self":[{"href":"http:\/\/penceremdenjaponya2016.jikad.org.tr\/yarismaci6\/wp-json\/wp\/v2\/pages\/11","targetHints":{"allow":["GET"]}}],"collection":[{"href":"http:\/\/penceremdenjaponya2016.jikad.org.tr\/yarismaci6\/wp-json\/wp\/v2\/pages"}],"about":[{"href":"http:\/\/penceremdenjaponya2016.jikad.org.tr\/yarismaci6\/wp-json\/wp\/v2\/types\/page"}],"author":[{"embeddable":true,"href":"http:\/\/penceremdenjaponya2016.jikad.org.tr\/yarismaci6\/wp-json\/wp\/v2\/users\/1"}],"replies":[{"embeddable":true,"href":"http:\/\/penceremdenjaponya2016.jikad.org.tr\/yarismaci6\/wp-json\/wp\/v2\/comments?post=11"}],"version-history":[{"count":4,"href":"http:\/\/penceremdenjaponya2016.jikad.org.tr\/yarismaci6\/wp-json\/wp\/v2\/pages\/11\/revisions"}],"predecessor-version":[{"id":50,"href":"http:\/\/penceremdenjaponya2016.jikad.org.tr\/yarismaci6\/wp-json\/wp\/v2\/pages\/11\/revisions\/50"}],"wp:attachment":[{"href":"http:\/\/penceremdenjaponya2016.jikad.org.tr\/yarismaci6\/wp-json\/wp\/v2\/media?parent=11"}],"curies":[{"name":"wp","href":"https:\/\/api.w.org\/{rel}","templated":true}]}}