{"id":8,"date":"2016-01-09T10:39:08","date_gmt":"2016-01-09T08:39:08","guid":{"rendered":"http:\/\/penceremdenjaponya2016.jikad.org.tr\/yarismaci3\/?page_id=8"},"modified":"2016-02-01T08:54:03","modified_gmt":"2016-02-01T06:54:03","slug":"japon-sinemasi","status":"publish","type":"page","link":"http:\/\/penceremdenjaponya2016.jikad.org.tr\/yarismaci3\/japon-sinemasi\/","title":{"rendered":"Japon S\u0131nemas\u0131"},"content":{"rendered":"<p>Japon filmlerini genel olarak tan\u0131maya lisede gitti\u011fim Japon film g\u00f6sterimi etkinliklerinde ba\u015flad\u0131m.<\/p>\n<p>Ama en \u00e7ok televizyonda g\u00f6rd\u00fc\u011f\u00fcm, biri boks\u00f6r di\u011feri yakuza olan iki eski arkada\u015f\u0131n okul ziyaretleri s\u0131ras\u0131nda yeniden kar\u015f\u0131la\u015f\u0131p ge\u00e7mi\u015f zamanlar\u0131 yad etmesini anlatan \u201c\u00c7ocuklar Geri D\u00f6ner\u201d adl\u0131 film ho\u015fuma gitmi\u015fti.<\/p>\n<div style=\"width: 295px\" class=\"wp-caption alignright\"><a href=\"http:\/\/p1.storage.canalblog.com\/15\/49\/110219\/83129624_o.jpg\"><img loading=\"lazy\" decoding=\"async\" class=\"\" src=\"http:\/\/p1.storage.canalblog.com\/15\/49\/110219\/83129624_o.jpg\" alt=\"\" width=\"285\" height=\"160\" \/><\/a><p class=\"wp-caption-text\">Kids Return filminden bir kare<\/p><\/div>\n<p>Japon filmleri genellikle yava\u015f ge\u00e7er bu y\u00fczden bence biraz s\u0131k\u0131c\u0131d\u0131r fakat konu itibariyle ger\u00e7ekten \u00e7ok orjinal filmler var. Bu nedenle Hollywood s\u0131k s\u0131k konu olarak Japon sinemas\u0131ndan esinlenmektedir.<\/p>\n<p>Japonya\u2019da normal filmlerin yan\u0131s\u0131ra anime filmlerinin de \u00e7ok olmas\u0131 g\u00fczel bir \u015fey.<\/p>\n","protected":false},"excerpt":{"rendered":"<p>Japon filmlerini genel olarak tan\u0131maya lisede gitti\u011fim Japon film g\u00f6sterimi etkinliklerinde ba\u015flad\u0131m. Ama en \u00e7ok televizyonda g\u00f6rd\u00fc\u011f\u00fcm, biri boks\u00f6r di\u011feri yakuza olan iki eski arkada\u015f\u0131n okul ziyaretleri s\u0131ras\u0131nda yeniden kar\u015f\u0131la\u015f\u0131p ge\u00e7mi\u015f zamanlar\u0131 yad etmesini anlatan \u201c\u00c7ocuklar Geri D\u00f6ner\u201d adl\u0131 film ho\u015fuma gitmi\u015fti. Japon filmleri genellikle yava\u015f ge\u00e7er bu y\u00fczden bence \u2026 <a class=\"continue-reading-link\" href=\"http:\/\/penceremdenjaponya2016.jikad.org.tr\/yarismaci3\/japon-sinemasi\/\"> Continue reading<\/a><\/p>\n","protected":false},"author":1,"featured_media":0,"parent":0,"menu_order":1,"comment_status":"closed","ping_status":"closed","template":"","meta":{"footnotes":""},"class_list":["post-8","page","type-page","status-publish","hentry"],"_links":{"self":[{"href":"http:\/\/penceremdenjaponya2016.jikad.org.tr\/yarismaci3\/wp-json\/wp\/v2\/pages\/8","targetHints":{"allow":["GET"]}}],"collection":[{"href":"http:\/\/penceremdenjaponya2016.jikad.org.tr\/yarismaci3\/wp-json\/wp\/v2\/pages"}],"about":[{"href":"http:\/\/penceremdenjaponya2016.jikad.org.tr\/yarismaci3\/wp-json\/wp\/v2\/types\/page"}],"author":[{"embeddable":true,"href":"http:\/\/penceremdenjaponya2016.jikad.org.tr\/yarismaci3\/wp-json\/wp\/v2\/users\/1"}],"replies":[{"embeddable":true,"href":"http:\/\/penceremdenjaponya2016.jikad.org.tr\/yarismaci3\/wp-json\/wp\/v2\/comments?post=8"}],"version-history":[{"count":8,"href":"http:\/\/penceremdenjaponya2016.jikad.org.tr\/yarismaci3\/wp-json\/wp\/v2\/pages\/8\/revisions"}],"predecessor-version":[{"id":51,"href":"http:\/\/penceremdenjaponya2016.jikad.org.tr\/yarismaci3\/wp-json\/wp\/v2\/pages\/8\/revisions\/51"}],"wp:attachment":[{"href":"http:\/\/penceremdenjaponya2016.jikad.org.tr\/yarismaci3\/wp-json\/wp\/v2\/media?parent=8"}],"curies":[{"name":"wp","href":"https:\/\/api.w.org\/{rel}","templated":true}]}}