{"id":66,"date":"2016-01-06T01:27:27","date_gmt":"2016-01-05T23:27:27","guid":{"rendered":"http:\/\/penceremdenjaponya2016.jikad.org.tr\/yarismaci1\/?page_id=66"},"modified":"2016-01-30T10:03:50","modified_gmt":"2016-01-30T08:03:50","slug":"kaynak-ve-tesekkur-2","status":"publish","type":"page","link":"http:\/\/penceremdenjaponya2016.jikad.org.tr\/yarismaci1\/kaynak-ve-tesekkur-2\/","title":{"rendered":"Kaynak ve Te\u015fekk\u00fcr"},"content":{"rendered":"<p>Jikad\u2019a yar\u0131\u015fmay\u0131 d\u00fczenleyip bu f\u0131rsat\u0131 tan\u0131d\u0131\u011f\u0131 i\u00e7in ve sorular\u0131ma i\u00e7tenlikle cevap veren Do\u011fan Kasaplar hocama \u00e7ok te\u015fekk\u00fcr ederim.<\/p>\n<p><strong>Kaynak\u00e7a<\/strong><\/p>\n<p>\u2018\u2018Cultural depictions of cats\u2019\u2019. Wikipedia: The Free Encyclopedia. Wikimedia Foundation, Inc. 17 Nov. 2015. Web. 20 Dec. 2015 &lt;https:\/\/en.wikipedia.org\/wiki\/Cultural_depictions_of_cats#Japan&gt;<\/p>\n<p>\u201cJapanese People and Cats.\u201d Japan Montly Web Magazine. 1 July 2014. Web. 13 Dec. 2015. &lt;http:\/\/japan-magazine.jnto.go.jp\/en\/1408_cat.html&gt;<\/p>\n<p>Kumar, Arun. \u201cThe Legend of the Japanese Cats.\u201d Creofire. Web. 25 Dec. 2015.<\/p>\n<p>Young, Stephanie. \u201cCat Obsession Has A Long Multi-Cultured History In Japan.\u201d Beautifuldecay. 27 Feb. 2015. Web. 17 Nov. 2015. &lt;http:\/\/beautifuldecay.com\/2015\/02\/27\/cat-obsession-long-multi-cultured-history-japan\/&gt;.<\/p>\n","protected":false},"excerpt":{"rendered":"<p>Jikad\u2019a yar\u0131\u015fmay\u0131 d\u00fczenleyip bu f\u0131rsat\u0131 tan\u0131d\u0131\u011f\u0131 i\u00e7in ve sorular\u0131ma i\u00e7tenlikle cevap veren Do\u011fan Kasaplar hocama \u00e7ok te\u015fekk\u00fcr ederim. Kaynak\u00e7a \u2018\u2018Cultural depictions of cats\u2019\u2019. Wikipedia: The Free Encyclopedia. Wikimedia Foundation, Inc. 17 Nov. 2015. Web. 20 Dec. 2015 &lt;https:\/\/en.wikipedia.org\/wiki\/Cultural_depictions_of_cats#Japan&gt; \u201cJapanese People and Cats.\u201d Japan Montly Web Magazine. 1 July 2014. Web. \u2026 <a class=\"continue-reading-link\" href=\"http:\/\/penceremdenjaponya2016.jikad.org.tr\/yarismaci1\/kaynak-ve-tesekkur-2\/\"> Continue reading<\/a><\/p>\n","protected":false},"author":1,"featured_media":0,"parent":0,"menu_order":0,"comment_status":"closed","ping_status":"closed","template":"","meta":{"footnotes":""},"class_list":["post-66","page","type-page","status-publish","hentry"],"_links":{"self":[{"href":"http:\/\/penceremdenjaponya2016.jikad.org.tr\/yarismaci1\/wp-json\/wp\/v2\/pages\/66","targetHints":{"allow":["GET"]}}],"collection":[{"href":"http:\/\/penceremdenjaponya2016.jikad.org.tr\/yarismaci1\/wp-json\/wp\/v2\/pages"}],"about":[{"href":"http:\/\/penceremdenjaponya2016.jikad.org.tr\/yarismaci1\/wp-json\/wp\/v2\/types\/page"}],"author":[{"embeddable":true,"href":"http:\/\/penceremdenjaponya2016.jikad.org.tr\/yarismaci1\/wp-json\/wp\/v2\/users\/1"}],"replies":[{"embeddable":true,"href":"http:\/\/penceremdenjaponya2016.jikad.org.tr\/yarismaci1\/wp-json\/wp\/v2\/comments?post=66"}],"version-history":[{"count":2,"href":"http:\/\/penceremdenjaponya2016.jikad.org.tr\/yarismaci1\/wp-json\/wp\/v2\/pages\/66\/revisions"}],"predecessor-version":[{"id":90,"href":"http:\/\/penceremdenjaponya2016.jikad.org.tr\/yarismaci1\/wp-json\/wp\/v2\/pages\/66\/revisions\/90"}],"wp:attachment":[{"href":"http:\/\/penceremdenjaponya2016.jikad.org.tr\/yarismaci1\/wp-json\/wp\/v2\/media?parent=66"}],"curies":[{"name":"wp","href":"https:\/\/api.w.org\/{rel}","templated":true}]}}